se 3*d - 3 = -0. Suppose -j + 2*j - d = 0. Suppose -3*z + 3 = 3*g, g + j = 2*z + 2. What is the units digit of g?
1
Suppose 60 = -2*j + 180. Suppose t - 6*t = -j. What is the units digit of t?
2
Suppose z = -0*z + 29. What is the tens digit of z?
2
Let n(s) = 8*s**2 + s + 1. Let z be n(-1). Let p(d) = -6 + z + d + 8. What is the units digit of p(-7)?
3
Let f = -7 + 10. Suppose f*x = 40 + 29. What is the tens digit of x?
2
Suppose -s - 4*d + 13 = 0, -d + 5 = 2*s - 0. Let t(h) = 6*h**2 - 2*h + 1. What is the units digit of t(s)?
5
Suppose -2*v - 37 = 1. Let y = -13 - v. Suppose -47 = q - y*q - 2*c, -q + 11 = 2*c. What is the units digit of q?
9
Suppose 2*o = o + 1. Suppose -b + 6 = -o. Suppose b = -p + 19. What is the tens digit of p?
1
Suppose -4*t - 19 = -2*f + 1, -5*f = t - 6. Let k be 2 - -2 - (f + -1). Suppose k*z + 0*z - 33 = 0. What is the units digit of z?
1
Let w(d) be the first derivative of 13*d**4/4 - d**3/3 + d**2 - d + 8. Suppose 4 = 2*n + 2. What is the units digit of w(n)?
3
Let a = 19 + -29. Let t = 5 + a. What is the units digit of t/5 - (-42)/2?
0
Suppose b = 1 + 3. Suppose 30 = 6*i - b*i. What is the tens digit of i?
1
Let u = 393 + -83. Suppose 0 = -2*m - 3*m + u. Suppose 2*l - 4*p = m - 18, 12 = 2*l + 4*p. What is the units digit of l?
4
Let l(b) = b**3 - 6*b**2 - 7*b + 1. Let p be l(7). Let f(v) = 19*v**2 + v. What is the units digit of f(p)?
0
Suppose -4*c - 3 = -11. Suppose -l = -26 - 14. Suppose -c*r - l = -6*r. What is the tens digit of r?
1
Suppose -d - 2*d = -6. Suppose 5*z - 4*z - 4 = 0. Suppose -z = -3*y + d. What is the units digit of y?
2
Let x(r) = -r**3 - 5*r**2 - r - 1. Suppose -4*n = -9*n. Suppose n = -i - 2*j - 3, -4*i + 14 = -4*j + 38. What is the units digit of x(i)?
4
Let l = 107 - 39. What is the units digit of l?
8
Suppose 5 = 2*k + 5*x, -k - 2*x - 12 = -3*k. Suppose 20 = k*t, 3*m - 2*t - 19 + 6 = 0. What is the units digit of m?
7
Suppose 8*n - 727 - 185 = 0. What is the units digit of n?
4
Let d(n) = -12*n. Let m(g) = g**3 - 4*g**2 - 3*g - 2. Let p be m(5). Let y(i) = -i**3 + 9*i**2 - 8*i - 1. Let b be y(p). What is the units digit of d(b)?
2
What is the units digit of (12 + 0)*(-100)/(-30)?
0
Let w(p) = 4*p + 19. What is the tens digit of w(9)?
5
Let k be (-8)/(-3) - (-20)/(-30). What is the units digit of 3/k*-2 - -18?
5
Suppose 4*r - x - 1137 = 0, -2*x = -4*r - 0*x + 1134. What is the tens digit of r?
8
Let f(n) = n**3 + 9*n**2 + 2*n - 7. What is the tens digit of f(-8)?
4
Let s be (3/(-2))/(12/416). Let z = s + 31. What is the units digit of ((-3)/(-9))/((-1)/z)?
7
Suppose 0 = 4*v - 0*w - 2*w + 44, v = -5*w + 11. Let o = 27 + v. What is the tens digit of o?
1
Suppose -2*i - 4 = -3*i. Suppose -w + 165 = i*x, 0 = -0*x - 5*x + w + 213. What is the units digit of x?
2
Let w = -5 + 8. Let p(a) = 3*a**3 - 2*a + 3. Let h be p(w). What is the units digit of h/8 - (-1)/4?
0
Suppose -2*x - 3*u - 25 = 0, 2*u + 0 = 2*x + 40. Let h = x - -26. What is the units digit of h?
9
Let c = -16 - -27. Let y be 2/11 - (-18)/22. What is the tens digit of ((-1)/y*c)/(-1)?
1
Suppose 5*r = -5*m + 35, r = m - 0*m - 3. Suppose -r*j - 2*j - 61 = -3*u, 0 = j + 1. What is the units digit of u?
9
Suppose -3*v - 5*q = -21, 2*v + v - 2*q = 0. Suppose -v*k - k + 12 = 0. What is the tens digit of 0 - (k + -2 - 15)?
1
Let w = -5 - -9. What is the units digit of w?
4
Let a = -110 - -338. What is the tens digit of a?
2
Let z = -9 - -62. What is the units digit of z?
3
Suppose 3*m + o - 143 = -3*o, 0 = 2*m + 4*o - 102. What is the units digit of m?
1
Let p = 61 - -71. What is the units digit of p?
2
Let u = 11 + -20. What is the tens digit of -3 - 69/(u/3)?
2
Let g = -77 - -78. What is the units digit of g?
1
Let q(z) = z - 9. Let n be q(9). Suppose n = h + 5*p + 2, 3*p + 1 = h - 5. Suppose 0 = -h*j - 3, 4*k - 4*j - 16 = 24. What is the units digit of k?
9
Let s be (-10)/25 - 2/(-5). Suppose -3*v + 2*v = -4*w + 3, -v + 13 = 4*w. Suppose s*g = w*g - 10. What is the units digit of g?
5
Suppose -8 = -h + 3*w + w, -3*h = 2*w - 10. Suppose -5*g + 10 = 5*d, h*g = 5*d + 2 + 6. What is the units digit of d - -1 - (-3 + -1)?
5
Let u = 71 - 19. What is the units digit of u/10 - 3/15?
5
Suppose -3 = p, 4*p - 27 - 1 = 4*o. Let a = o - -5. Let d = -1 - a. What is the units digit of d?
4
Let u = 15 + -11. Suppose 2*m = -3*o + 39, u*m = -o - 3*o + 56. What is the units digit of o?
1
What is the units digit of 8/2 + (-3 - 1) - -3?
3
Let k(w) = w + 8. Let q = 7 + -7. Let x be k(q). Suppose 32 - x = 2*i. What is the tens digit of i?
1
Let k be (4/(-4) - -1)/(-1). Let a(z) = z - 3. Let x be a(2). Let t = k - x. What is the units digit of t?
1
Let h(i) = 9*i**2 + 24*i + 12. What is the tens digit of h(-7)?
8
Suppose -6*u - 12 = h - 3*u, -5*h + 5*u - 20 = 0. Let o(y) = y + 8. What is the units digit of o(h)?
2
Let r = -17 + 24. Suppose -2*m = r - 19. What is the units digit of m?
6
Suppose 0 = m - 2*v + 7*v - 22, 5 = 5*v. What is the tens digit of m?
1
Let v(o) = 2*o**2 - 4*o + 1. Let r be 1/(-3 + 10/3). What is the units digit of v(r)?
7
Let u(s) = 7*s**2 + 3*s**3 - 5 + 8*s + 3*s**2 - 2*s**3. Let m be u(-9). Let b = -2 + m. What is the units digit of b?
2
Suppose 3*o = -0*o - 2*k + 9, -o = -5*k - 20. Suppose 4*m - f = 3, m + o*f = f + 5. What is the units digit of m?
1
What is the units digit of 124/6 - (-4)/(-6)?
0
Suppose -992 = -5*b - k, -4*k = -2*b - 0*k + 410. What is the tens digit of b?
9
Let m be (-1)/((-3)/(-18)*-2). Let h(s) = -m*s + 0 - 5 - s. What is the units digit of h(-4)?
1
Let q(s) = -s. Let j be q(-3). Suppose -b = j*b. Suppose -5*h + m - 14 = -57, b = -2*h + 3*m + 25. What is the units digit of h?
8
Let y(g) = -5*g + 6. Let s(b) = 4*b - 7. Let j(k) = -4*s(k) - 3*y(k). Suppose 0 = -9*f + 6*f + 21. What is the units digit of j(f)?
3
Let r = 22 + -12. What is the tens digit of r?
1
Let b = -63 - -90. What is the units digit of b?
7
Let q = 16 - 7. Let d(k) = 2*k + 2. Let o be d(-3). Let n = q + o. What is the units digit of n?
5
Let k(r) = r**3 + 12*r**2 - 6*r - 10. What is the units digit of k(-12)?
2
Suppose 15*j + 70 = 16*j. What is the units digit of j?
0
Let v(j) be the third derivative of -j**6/30 - j**5/60 - j**4/8 - j**3/6 + 8*j**2. What is the units digit of v(-2)?
3
Suppose -55 = 6*o - 397. What is the tens digit of o?
5
Suppose -3*g + b = -0*b - 10, -10 = 5*g + 5*b. Suppose -g*q - 3*q + 45 = 0. What is the units digit of q?
9
Suppose o = 2*o - 4*k - 7, 0 = -5*o - 2*k + 13. What is the units digit of 0 + 8 + (2 - o)?
7
Let a(v) = v - 1. Suppose 0*q - 2 = -q. Suppose 9 = q*u - 9. What is the units digit of a(u)?
8
What is the units digit of 4/14 - 236/(-7)?
4
Suppose 0 = -2*z + 6*z - 3*c - 11, 3*z - 4*c = 10. What is the units digit of z?
2
Let p = -28 - -92. What is the tens digit of p?
6
Let a(t) = 4*t - 3. Let s be a(2). Suppose -2*j - 6 = -s*j. What is the units digit of j?
2
Let f(s) = 11*s - 7*s - s**2 + 9 + 7*s. Suppose 18*j - 40 = 14*j. What is the units digit of f(j)?
9
Let d = 2 + -3. Let a be (-2)/(0 - d/(-6)). What is the units digit of a/16*(1 + 3)?
3
Let l = 20 - 17. What is the units digit of l?
3
Let r = 8 - 2. Let d = r - 11. Let q(p) = -p**3 - 3*p**2 + 6*p - 7. What is the tens digit of q(d)?
1
Let z(l) = -8*l**2 + 44*l + 35. Let w(j) = -3*j**2 + 15*j + 12. Let b(a) = -11*w(a) + 4*z(a). Let u be b(-9). What is the tens digit of (-36)/u*(-10)/(-3)?
1
What is the units digit of (4 - -5)/((-3 - -1)/(-2))?
9
Let y = -46 - -75. Let v = 13 - 10. Suppose 0 = 5*b + w - y, v*b + w - 20 = -3. What is the units digit of b?
6
Let i(h) be the second derivative of -h**5/20 + h**4/2 - h**3/3 - 7*h**2/2 - h. What is the units digit of i(5)?
8
Let c = -9 - 10. Let k = 30 + c. What is the tens digit of k?
1
Suppose -4*z = 3 - 71. What is the tens digit of z?
1
Let t be 0 + 0 - (4 + -7). Suppose o + 4*o = l - 115, 0 = -t*l + 15. What is the tens digit of 2*(-3)/12*o?
1
Let a = -17 + 115. What is the tens digit of a?
9
Suppose -u + l + 36 = 2*l, u - 2*l - 33 = 0. Let x = -23 + u. What is the tens digit of x?
1
Let a(r) = -24*r + 7. Let s be a(-6). Let w = s - 226. What is the units digit of ((-8)/6)/(10/w)?
0
Let x = -17 + 192. What is the tens digit of x?
7
Suppose -3*f - 88 = 5*d, 3*d + 3*f = 8*d + 112. Let a = 7 + d. What is t